{"id":60,"date":"2026-02-28T15:55:30","date_gmt":"2026-02-28T15:55:30","guid":{"rendered":"https:\/\/mouscronetiopathe.be\/?page_id=60"},"modified":"2026-02-28T16:01:43","modified_gmt":"2026-02-28T16:01:43","slug":"questions-frequentes","status":"publish","type":"page","link":"https:\/\/mouscronetiopathe.be\/index.php\/questions-frequentes\/","title":{"rendered":"Questions fr\u00e9quentes"},"content":{"rendered":"\n<ul class=\"wp-block-list\">\n<li><a href=\"#diff\u00e9rences\">Diff\u00e9rences entre \u00e9tiopathie et ost\u00e9opathie<\/a><\/li>\n\n\n\n<li><a href=\"#pour\">Pour qui?<\/a><\/li>\n\n\n\n<li><a href=\"#pourquoi\">Pourquoi? (troubles trait\u00e9s)<\/a><\/li>\n\n\n\n<li><a href=\"#limites\">Limites de l&rsquo;\u00e9tiopathie<\/a><\/li>\n\n\n\n<li><a href=\"#dur\u00e9e\">Dur\u00e9e d&rsquo;une intervention<\/a><\/li>\n\n\n\n<li><a href=\"#nombre\">Nombre d&rsquo;intervention pour un traitement<\/a><\/li>\n\n\n\n<li><a href=\"#co\u00fbt\">Co\u00fbt d&rsquo;une intervention<\/a><\/li>\n<\/ul>\n\n\n\n<h2 class=\"wp-block-heading\" id=\"diff\u00e9rences\"><strong>Diff\u00e9rences entre \u00e9tiopathie et ost\u00e9opathie<\/strong><\/h2>\n\n\n\n<p>Cette question est la plus fr\u00e9quemment pos\u00e9e. Ressemblance phon\u00e9tique, pratiques manuelles&#8230; Il y a de quoi s&rsquo;y perdre. C&rsquo;est d&rsquo;autant plus difficile de s&rsquo;y retrouver qu&rsquo;il n&rsquo;y a pas une ost\u00e9opathie mais des ost\u00e9opathies. C&rsquo;est un terme g\u00e9n\u00e9rique qui regroupe une multitude de pratique et autant de fondements th\u00e9oriques.<\/p>\n\n\n\n<p>Il existe plus de 70 \u00e9coles diff\u00e9rentes qui enseignent \u00ab\u00a0l&rsquo;ost\u00e9opathie\u00a0\u00bbsans aucune unit\u00e9. Leur cursus achev\u00e9 (celui-ci peut varier de quelques week-ends \u00e0 6 ans), certains ost\u00e9opathes tenteront de vous manipuler le cr\u00e2ne, d&rsquo;autres les os, d&rsquo;autres encore les visc\u00e8res. Certains agr\u00e9mentent leur panoplie th\u00e9rapeutique d&rsquo;acupuncture, d&rsquo;oligoth\u00e9rapie, de passes magn\u00e9tiques&#8230; Quoi qu&rsquo;il en soit, toutes ces pratiques, pour les plus s\u00e9rieuses, ne tendent qu&rsquo;\u00e0 soulager des sympt\u00f4mes.<\/p>\n\n\n\n<p>L&rsquo;\u00e9tiopathe, quant \u00e0 lui, est form\u00e9 durant 6 ans dans une des 4 facult\u00e9s , ayant une unit\u00e9 de programmes et toutes r\u00e9gies par les m\u00eames instances. Les principes fondamentaux, la m\u00e9thode d&rsquo;analyse,propres \u00e0 sa discipline, le guident vers les causes des sympt\u00f4mes pr\u00e9sent\u00e9s par les patients.<\/p>\n\n\n\n<p>Et c&rsquo;est bien l\u00e0 ce qui distingue en premier lieu l&rsquo;\u00e9tiopathie de l&rsquo;ost\u00e9opathie, c&rsquo;est le raisonnement th\u00e9orique qui pr\u00e9c\u00e8de l&rsquo;intervention. Ce dont le patient n&rsquo;a pas forc\u00e9ment conscience mais qui fait toute la diff\u00e9rence. C&rsquo;est \u00e0 l&rsquo;aide de ce raisonnement que l&rsquo;\u00e9tiopathe parvient \u00e0 induire la cause des ph\u00e9nom\u00e8nes pathologiques du patient.<\/p>\n\n\n\n<p>Quand  la cause est \u00e9tablie, qu&rsquo;elle est r\u00e9versible et qu&rsquo;il n&rsquo;existe aucune contre-indication, le praticien choisit alors quelques manipulations adapt\u00e9es au patient. La cause m\u00e9canique lev\u00e9e, les sympt\u00f4mes disparaissent durablement. L&rsquo;\u00e9tiopathe ne pique pas, n&rsquo;infiltre pas, ne prescrit pas de m\u00e9dicaments, ne magn\u00e9tise pas&#8230;<\/p>\n\n\n\n<h2 class=\"wp-block-heading\" id=\"pour\">Pour qui?<\/h2>\n\n\n\n<p>L&rsquo;\u00e9tiopathie s&rsquo;adresse \u00e0 tous et pour tous les \u00e2ges: du nourrisson au senior, du s\u00e9dentaire au sportif de haut niveau, \u00e0 la femme enceinte&#8230;<\/p>\n\n\n\n<p><\/p>\n\n\n\n<h2 class=\"wp-block-heading\" id=\"pourquoi\">Pourquoi? (troubles trait\u00e9s)<\/h2>\n\n\n\n<p>L&rsquo;\u00e9tiopathie traite de nombreux troubles fonctionnels:<\/p>\n\n\n\n<ul class=\"wp-block-list\">\n<li>troubles d&rsquo;origine vert\u00e9brale: N\u00e9vralgies d&rsquo;Arnold, n\u00e9vralgies cervico-brachiale, torticolis, cervicalgies, dorsalgies, douleurs intercostales, lumbagos, lombalgies chroniques, cruralgies, sciatalgies, pubalgies&#8230;<\/li>\n\n\n\n<li>troubles de l&rsquo;appareil locomoteur: entorses, foulures, tendinites (tennis et golf elbows), canal carpien, douleurs articulaires (\u00e9paules, hanches, genoux&#8230;), \u00e9pines calcan\u00e9ennes&#8230;<\/li>\n\n\n\n<li>troubles digestifs: ballonnements, a\u00e9rophagie, digestion lente, reflux gastro \u0153sophagiens, colopathies fonctionnelles (constipations, diarrh\u00e9es), troubles h\u00e9patobiliaires, h\u00e9morro\u00efdes&#8230; <\/li>\n\n\n\n<li>troubles urinaires: cystites, incontinences, \u00e9nur\u00e9sies<\/li>\n\n\n\n<li>troubles ORL: sinusites, rhinites, rhinopharyngite, otites s\u00e9reuses, vertiges b\u00e9nins paroxystiques&#8230;<\/li>\n\n\n\n<li>troubles gyn\u00e9cologiques: normalisation du cycle, r\u00e8gles douloureuses, infertilit\u00e9, troubles de la m\u00e9nopause&#8230;<\/li>\n\n\n\n<li>troubles g\u00e9n\u00e9raux: c\u00e9phal\u00e9es, migraines, insomnies, anxi\u00e9t\u00e9, zona&#8230;<\/li>\n<\/ul>\n\n\n\n<p><\/p>\n\n\n\n<p><\/p>\n\n\n\n<h2 class=\"wp-block-heading\" id=\"limites\">Limites de l&rsquo;\u00e9tiopathie<\/h2>\n\n\n\n<p><\/p>\n\n\n\n<p>Les cas o\u00f9 le pronostic vital est engag\u00e9 sont des contre indications \u00e0 l&rsquo;\u00e9tiopathie notamment en cas d&rsquo;infections graves, urgences m\u00e9dicale et chirurgicales, cancers, maladies neurologiques (Alzheimer, Parkinson&#8230;).<\/p>\n\n\n\n<h2 class=\"wp-block-heading\" id=\"dur\u00e9e\">Dur\u00e9e d&rsquo;une intervention<\/h2>\n\n\n\n<p>La dur\u00e9e d\u00e9pend des troubles pr\u00e9sent\u00e9s par le patient. En g\u00e9n\u00e9ral il faut compter une trentaine de minutes.<\/p>\n\n\n\n<h2 class=\"wp-block-heading\" id=\"nombre\">Nombre d&rsquo;intervention pour un traitement<\/h2>\n\n\n\n<p>G\u00e9n\u00e9ralement il faut compter de 2 \u00e0 6 interventions. En cas de troubles chroniques, le traitement peut \u00eatre un peu plus long.<\/p>\n\n\n\n<h2 class=\"wp-block-heading\" id=\"co\u00fbt\">Co\u00fbt d&rsquo;une intervention<\/h2>\n\n\n\n<p>Une intervention d&rsquo;\u00e9tiopathie co\u00fbte 50 euros.<\/p>\n\n\n\n<p>De nombreuses mutuelles remboursent partiellement l&rsquo;\u00e9tiopathie selon les contrats.<\/p>\n\n\n\n<p><\/p>\n","protected":false},"excerpt":{"rendered":"<p>Diff\u00e9rences entre \u00e9tiopathie et ost\u00e9opathie Cette question est la plus fr\u00e9quemment pos\u00e9e. Ressemblance phon\u00e9tique, pratiques manuelles&#8230; Il y a de quoi s&rsquo;y perdre. C&rsquo;est d&rsquo;autant plus difficile de s&rsquo;y retrouver &hellip; <\/p>\n","protected":false},"author":1,"featured_media":0,"parent":0,"menu_order":0,"comment_status":"closed","ping_status":"closed","template":"","meta":{"footnotes":""},"class_list":["post-60","page","type-page","status-publish","hentry"],"yoast_head":"<!-- This site is optimized with the Yoast SEO plugin v26.5 - https:\/\/yoast.com\/wordpress\/plugins\/seo\/ -->\n<title>Questions fr\u00e9quentes - Cabinet d&#039;\u00e9tiopathie de Mouscron<\/title>\n<meta name=\"robots\" content=\"index, follow, max-snippet:-1, max-image-preview:large, max-video-preview:-1\" \/>\n<link rel=\"canonical\" href=\"https:\/\/mouscronetiopathe.be\/index.php\/questions-frequentes\/\" \/>\n<meta property=\"og:locale\" content=\"fr_FR\" \/>\n<meta property=\"og:type\" content=\"article\" \/>\n<meta property=\"og:title\" content=\"Questions fr\u00e9quentes - Cabinet d&#039;\u00e9tiopathie de Mouscron\" \/>\n<meta property=\"og:description\" content=\"Diff\u00e9rences entre \u00e9tiopathie et ost\u00e9opathie Cette question est la plus fr\u00e9quemment pos\u00e9e. Ressemblance phon\u00e9tique, pratiques manuelles&#8230; Il y a de quoi s&rsquo;y perdre. C&rsquo;est d&rsquo;autant plus difficile de s&rsquo;y retrouver &hellip;\" \/>\n<meta property=\"og:url\" content=\"https:\/\/mouscronetiopathe.be\/index.php\/questions-frequentes\/\" \/>\n<meta property=\"og:site_name\" content=\"Cabinet d&#039;\u00e9tiopathie de Mouscron\" \/>\n<meta property=\"article:modified_time\" content=\"2026-02-28T16:01:43+00:00\" \/>\n<meta name=\"twitter:card\" content=\"summary_large_image\" \/>\n<meta name=\"twitter:label1\" content=\"Dur\u00e9e de lecture estim\u00e9e\" \/>\n\t<meta name=\"twitter:data1\" content=\"3 minutes\" \/>\n<script type=\"application\/ld+json\" class=\"yoast-schema-graph\">{\"@context\":\"https:\/\/schema.org\",\"@graph\":[{\"@type\":\"WebPage\",\"@id\":\"https:\/\/mouscronetiopathe.be\/index.php\/questions-frequentes\/\",\"url\":\"https:\/\/mouscronetiopathe.be\/index.php\/questions-frequentes\/\",\"name\":\"Questions fr\u00e9quentes - Cabinet d&#039;\u00e9tiopathie de Mouscron\",\"isPartOf\":{\"@id\":\"https:\/\/mouscronetiopathe.be\/#website\"},\"datePublished\":\"2026-02-28T15:55:30+00:00\",\"dateModified\":\"2026-02-28T16:01:43+00:00\",\"breadcrumb\":{\"@id\":\"https:\/\/mouscronetiopathe.be\/index.php\/questions-frequentes\/#breadcrumb\"},\"inLanguage\":\"fr-FR\",\"potentialAction\":[{\"@type\":\"ReadAction\",\"target\":[\"https:\/\/mouscronetiopathe.be\/index.php\/questions-frequentes\/\"]}]},{\"@type\":\"BreadcrumbList\",\"@id\":\"https:\/\/mouscronetiopathe.be\/index.php\/questions-frequentes\/#breadcrumb\",\"itemListElement\":[{\"@type\":\"ListItem\",\"position\":1,\"name\":\"Accueil\",\"item\":\"https:\/\/mouscronetiopathe.be\/\"},{\"@type\":\"ListItem\",\"position\":2,\"name\":\"Questions fr\u00e9quentes\"}]},{\"@type\":\"WebSite\",\"@id\":\"https:\/\/mouscronetiopathe.be\/#website\",\"url\":\"https:\/\/mouscronetiopathe.be\/\",\"name\":\"Cabinet d'\u00e9tiopathie de Mouscron\",\"description\":\"\",\"publisher\":{\"@id\":\"https:\/\/mouscronetiopathe.be\/#organization\"},\"potentialAction\":[{\"@type\":\"SearchAction\",\"target\":{\"@type\":\"EntryPoint\",\"urlTemplate\":\"https:\/\/mouscronetiopathe.be\/?s={search_term_string}\"},\"query-input\":{\"@type\":\"PropertyValueSpecification\",\"valueRequired\":true,\"valueName\":\"search_term_string\"}}],\"inLanguage\":\"fr-FR\"},{\"@type\":\"Organization\",\"@id\":\"https:\/\/mouscronetiopathe.be\/#organization\",\"name\":\"Cabinet d'\u00e9tiopathie de Mouscron\",\"url\":\"https:\/\/mouscronetiopathe.be\/\",\"logo\":{\"@type\":\"ImageObject\",\"inLanguage\":\"fr-FR\",\"@id\":\"https:\/\/mouscronetiopathe.be\/#\/schema\/logo\/image\/\",\"url\":\"https:\/\/mouscronetiopathe.be\/wp-content\/uploads\/2025\/12\/cropped-Sans-titre.jpg\",\"contentUrl\":\"https:\/\/mouscronetiopathe.be\/wp-content\/uploads\/2025\/12\/cropped-Sans-titre.jpg\",\"width\":138,\"height\":192,\"caption\":\"Cabinet d'\u00e9tiopathie de Mouscron\"},\"image\":{\"@id\":\"https:\/\/mouscronetiopathe.be\/#\/schema\/logo\/image\/\"}}]}<\/script>\n<!-- \/ Yoast SEO plugin. -->","yoast_head_json":{"title":"Questions fr\u00e9quentes - Cabinet d&#039;\u00e9tiopathie de Mouscron","robots":{"index":"index","follow":"follow","max-snippet":"max-snippet:-1","max-image-preview":"max-image-preview:large","max-video-preview":"max-video-preview:-1"},"canonical":"https:\/\/mouscronetiopathe.be\/index.php\/questions-frequentes\/","og_locale":"fr_FR","og_type":"article","og_title":"Questions fr\u00e9quentes - Cabinet d&#039;\u00e9tiopathie de Mouscron","og_description":"Diff\u00e9rences entre \u00e9tiopathie et ost\u00e9opathie Cette question est la plus fr\u00e9quemment pos\u00e9e. Ressemblance phon\u00e9tique, pratiques manuelles&#8230; Il y a de quoi s&rsquo;y perdre. C&rsquo;est d&rsquo;autant plus difficile de s&rsquo;y retrouver &hellip;","og_url":"https:\/\/mouscronetiopathe.be\/index.php\/questions-frequentes\/","og_site_name":"Cabinet d&#039;\u00e9tiopathie de Mouscron","article_modified_time":"2026-02-28T16:01:43+00:00","twitter_card":"summary_large_image","twitter_misc":{"Dur\u00e9e de lecture estim\u00e9e":"3 minutes"},"schema":{"@context":"https:\/\/schema.org","@graph":[{"@type":"WebPage","@id":"https:\/\/mouscronetiopathe.be\/index.php\/questions-frequentes\/","url":"https:\/\/mouscronetiopathe.be\/index.php\/questions-frequentes\/","name":"Questions fr\u00e9quentes - Cabinet d&#039;\u00e9tiopathie de Mouscron","isPartOf":{"@id":"https:\/\/mouscronetiopathe.be\/#website"},"datePublished":"2026-02-28T15:55:30+00:00","dateModified":"2026-02-28T16:01:43+00:00","breadcrumb":{"@id":"https:\/\/mouscronetiopathe.be\/index.php\/questions-frequentes\/#breadcrumb"},"inLanguage":"fr-FR","potentialAction":[{"@type":"ReadAction","target":["https:\/\/mouscronetiopathe.be\/index.php\/questions-frequentes\/"]}]},{"@type":"BreadcrumbList","@id":"https:\/\/mouscronetiopathe.be\/index.php\/questions-frequentes\/#breadcrumb","itemListElement":[{"@type":"ListItem","position":1,"name":"Accueil","item":"https:\/\/mouscronetiopathe.be\/"},{"@type":"ListItem","position":2,"name":"Questions fr\u00e9quentes"}]},{"@type":"WebSite","@id":"https:\/\/mouscronetiopathe.be\/#website","url":"https:\/\/mouscronetiopathe.be\/","name":"Cabinet d'\u00e9tiopathie de Mouscron","description":"","publisher":{"@id":"https:\/\/mouscronetiopathe.be\/#organization"},"potentialAction":[{"@type":"SearchAction","target":{"@type":"EntryPoint","urlTemplate":"https:\/\/mouscronetiopathe.be\/?s={search_term_string}"},"query-input":{"@type":"PropertyValueSpecification","valueRequired":true,"valueName":"search_term_string"}}],"inLanguage":"fr-FR"},{"@type":"Organization","@id":"https:\/\/mouscronetiopathe.be\/#organization","name":"Cabinet d'\u00e9tiopathie de Mouscron","url":"https:\/\/mouscronetiopathe.be\/","logo":{"@type":"ImageObject","inLanguage":"fr-FR","@id":"https:\/\/mouscronetiopathe.be\/#\/schema\/logo\/image\/","url":"https:\/\/mouscronetiopathe.be\/wp-content\/uploads\/2025\/12\/cropped-Sans-titre.jpg","contentUrl":"https:\/\/mouscronetiopathe.be\/wp-content\/uploads\/2025\/12\/cropped-Sans-titre.jpg","width":138,"height":192,"caption":"Cabinet d'\u00e9tiopathie de Mouscron"},"image":{"@id":"https:\/\/mouscronetiopathe.be\/#\/schema\/logo\/image\/"}}]}},"_links":{"self":[{"href":"https:\/\/mouscronetiopathe.be\/index.php\/wp-json\/wp\/v2\/pages\/60","targetHints":{"allow":["GET"]}}],"collection":[{"href":"https:\/\/mouscronetiopathe.be\/index.php\/wp-json\/wp\/v2\/pages"}],"about":[{"href":"https:\/\/mouscronetiopathe.be\/index.php\/wp-json\/wp\/v2\/types\/page"}],"author":[{"embeddable":true,"href":"https:\/\/mouscronetiopathe.be\/index.php\/wp-json\/wp\/v2\/users\/1"}],"replies":[{"embeddable":true,"href":"https:\/\/mouscronetiopathe.be\/index.php\/wp-json\/wp\/v2\/comments?post=60"}],"version-history":[{"count":20,"href":"https:\/\/mouscronetiopathe.be\/index.php\/wp-json\/wp\/v2\/pages\/60\/revisions"}],"predecessor-version":[{"id":138,"href":"https:\/\/mouscronetiopathe.be\/index.php\/wp-json\/wp\/v2\/pages\/60\/revisions\/138"}],"wp:attachment":[{"href":"https:\/\/mouscronetiopathe.be\/index.php\/wp-json\/wp\/v2\/media?parent=60"}],"curies":[{"name":"wp","href":"https:\/\/api.w.org\/{rel}","templated":true}]}}